3*k + 269. Give d(-23).
16
Let n(f) = f**3 + 15*f**2 - 4*f - 56. Give n(-15).
4
Let p(t) = -t**2 - 44*t + 5. Determine p(-49).
-240
Let y(c) = c**3 + 24*c**2 - 381*c - 38. Determine y(11).
6
Let t(p) = 38*p + 719. What is t(-19)?
-3
Let z(i) = -329*i - 4222. Give z(-13).
55
Let s(z) = z**2 - 356*z + 10939. Give s(34).
-9
Let u(q) = 7*q**2 - 7*q - 32. What is u(-4)?
108
Let l(y) = 3*y**2 - 1768*y + 13953. What is l(8)?
1
Let t(k) = 116*k - 2625. Calculate t(22).
-73
Let s(x) = -x**2 - 173*x + 1254. Determine s(7).
-6
Let v(k) = -k**3 - 19*k**2 + 129*k - 516. Calculate v(-25).
9
Let z(y) = -80*y - 2562. Calculate z(-32).
-2
Let g(u) = -3*u**3 + 8*u**2 + 8*u + 5. Give g(3).
20
Let v(y) = -y**2 - 22*y + 48. Calculate v(-26).
-56
Let p(j) = 1862*j - 18639. Calculate p(10).
-19
Let j(m) = 15*m**2 - 258*m + 55. What is j(17)?
4
Let j(s) = s**2 + 19*s - 35. What is j(-21)?
7
Let p(t) = t**3 - 20*t**2 - 507*t + 5131. Determine p(31).
-15
Let f(a) = -114*a - 402. Give f(-3).
-60
Let p(w) = 64*w - 3567. What is p(56)?
17
Let g(l) = -l**2 - 45*l - 121. Determine g(-3).
5
Let l(b) = 4*b**3 - 2*b**2 - 14*b + 17. Give l(-4).
-215
Let y(n) = -11*n**2 - 5*n + 24. Calculate y(0).
24
Let z(m) = -88*m + 3163. Give z(34).
171
Let y(x) = x**2 - 1346*x + 12038. Determine y(9).
5
Let x(y) = 63*y - 1123. Calculate x(18).
11
Let c(q) = q**2 - 466*q + 17797. Calculate c(42).
-11
Let v(b) = -5266*b + 42132. Give v(8).
4
Let q(o) = -292*o - 1180. Determine q(-4).
-12
Let o(r) = r**3 + 13*r**2 - 9*r + 63. Determine o(-14).
-7
Let g(l) = 3*l**3 - 9*l**2 + 6*l. Calculate g(6).
360
Let s(h) = -h**3 - 75*h**2 + 154*h + 6. Give s(-77).
6
Let n(l) = -l**3 + l**2 + 15*l + 48. Calculate n(-3).
39
Let q(t) = -3*t**2 + 4*t + 322. Determine q(19).
-685
Let c(t) = t**2 + 12*t - 6. Calculate c(-10).
-26
Let r(l) = -l**2 + 167*l - 1693. Give r(11).
23
Let d(k) = k**3 + 57*k**2 + 52*k - 217. Determine d(-56).
7
Let o(a) = a**2 + 1350*a - 6768. Give o(5).
7
Let v(f) = -f**3 + 29*f**2 + 188*f - 2960. What is v(32)?
-16
Let s(a) = -2*a**3 + 136*a**2 + 728*a + 123. Give s(73).
-23
Let m(i) = -6*i**2 + 44*i - 11. Calculate m(5).
59
Let w(c) = -17*c + 4. Give w(7).
-115
Let v(c) = 5*c**2 - 229*c + 189. Calculate v(45).
9
Let x(g) = -40*g**2 - 443*g - 1222. Determine x(-6).
-4
Let l(d) = 2*d**3 + 5*d**2 - d + 2. Calculate l(-5).
-118
Let j(q) = -q**3 + 14*q**2 - 3*q - 11. Determine j(12).
241
Let p(r) = 19*r**3 + 62*r**2 + 57*r - 5. What is p(-1)?
-19
Let p(m) = -17*m - 566. Calculate p(-37).
63
Let z(v) = -v**2 + 4*v + 320. What is z(17)?
99
Let s(q) = -q**3 + 130*q**2 - 2291*q + 189. What is s(109)?
-29
Let o(a) = -240*a + 695. Give o(3).
-25
Let c(n) = -n**3 - 6*n**2 - 11*n - 72. Calculate c(-6).
-6
Let l(k) = 3*k**2 + 32*k - 90. Calculate l(-13).
1
Let d(h) = h**2 + 39*h + 26. Calculate d(-40).
66
Let f(d) = 46*d**3 - 2*d**2 + 9*d + 9. What is f(-1)?
-48
Let s(z) = -37*z - 286. Determine s(-8).
10
Let a(d) = 26*d**2 + 12*d + 26. Determine a(-3).
224
Let y(o) = -20*o - 1262. What is y(-64)?
18
Let z(w) = -5*w**2 - 64*w + 27. What is z(-13)?
14
Let j(y) = -y**3 + 43*y**2 - 80*y - 53. Give j(41).
29
Let o(u) = -2*u**2 + 28*u + 253. Calculate o(-7).
-41
Let t(l) = -l**3 - 65*l**2 + 61*l - 14. Calculate t(-66).
316
Let r(j) = -34*j + 99. Calculate r(7).
-139
Let h(u) = -u**3 + 78*u**2 + 590*u + 428. Determine h(85).
3
Let o(y) = -y**3 - 15*y**2 - 2*y + 41. Give o(-12).
-367
Let b(c) = 28*c + 533. Determine b(-18).
29
Let d(i) = 2*i**2 + 167*i + 1179. Determine d(-76).
39
Let v(c) = -67*c + 170. What is v(3)?
-31
Let q(p) = p**2 - 15*p - 407. Give q(-14).
-1
Let t(a) = -12*a**3 + 242*a**2 - 40*a - 37. Calculate t(20).
-37
Let u(o) = 35*o**2 - 2487*o + 141. Give u(71).
-1
Let q(r) = -146*r + 311. Give q(3).
-127
Let b(i) = -5*i**2 + i + 20. Calculate b(4).
-56
Let b(m) = -53*m - 255. What is b(-5)?
10
Let b(i) = -1852*i**2 + 3708*i - 1. Calculate b(2).
7
Let p(y) = -y**2 + 43*y + 239. Give p(46).
101
Let c(q) = q**2 - 278*q + 1636. Calculate c(6).
4
Let o(l) = -3*l - 139. What is o(-19)?
-82
Let v(k) = -k**3 - 3*k**2 + 143*k + 291. Calculate v(-2).
1
Let m(t) = 2*t**2 + 256*t + 1464. Calculate m(-6).
0
Let x(b) = 676*b + 27047. Give x(-40).
7
Let a(t) = -18*t - 186. What is a(-12)?
30
Let r(y) = -207*y - 2899. Determine r(-14).
-1
Let d(m) = -14*m**2 - 28*m - 27. Give d(-2).
-27
Let c(k) = 2*k**3 - 36*k**2 + 20*k - 51. Give c(19).
1051
Let j(l) = 4*l**2 - 152*l - 44. What is j(40)?
276
Let j(y) = 5*y**2 + 1033*y + 18658. What is j(-20)?
-2
Let y(f) = 2*f**3 - 234*f**2 + 10*f - 1159. What is y(117)?
11
Let l(n) = -n**3 - n**2 + 24*n - 26. Calculate l(0).
-26
Let b(y) = y**2 + 21*y - 341. Determine b(11).
11
Let a(p) = -4*p**2 - 1062*p - 552. Calculate a(-265).
-22
Let d(x) = -10*x + 390. Determine d(34).
50
Let z(f) = -2312*f - 36986. Determine z(-16).
6
Let l(x) = x**3 + 48*x**2 - 124*x + 327. Determine l(-51).
-1152
Let x(m) = -118*m - 15. Give x(-1).
103
Let p(a) = -a**3 - a**2 + 24*a - 22. Determine p(4).
-6
Let i(f) = 2*f**2 + 11*f - 79. Calculate i(0).
-79
Let y(k) = k**3 + 13*k**2 - 11*k + 14. Determine y(-14).
-28
Let g(c) = -c**3 - 15*c**2 + 23*c + 56. Determine g(-16).
-56
Let y(b) = -b**3 + 32*b**2 - 91*b + 8. Calculate y(4).
92
Let w(k) = -k**2 + 13*k + 2. Give w(12).
14
Let y(i) = 3*i**2 - 262*i + 1698. Determine y(7).
11
Let a(o) = -2*o**3 - 9*o**2 - 71*o - 114. What is a(-2)?
8
Let y(d) = -164*d - 6247. Give y(-38).
-15
Let t(l) = -7*l**2 + 408*l - 2003. Determine t(5).
-138
Let c(x) = x**2 - 15*x + 83. What is c(7)?
27
Let r(c) = -2*c**3 - 8*c**2 - 10*c + 1. Calculate r(-5).
101
Let q(o) = o**3 + 7*o**2 + 25*o + 65. Determine q(-4).
13
Let q(v) = 37*v**3 + 3*v**2 + 3*v - 11. Calculate q(2).
303
Let m(w) = 3*w**2 - 63*w - 29. Calculate m(23).
109
Let j(f) = -f**3 + 12*f**2 + 591*f - 57. Give j(31).
5
Let x(f) = 221*f + 770. Calculate x(-4).
-114
Let o(b) = -b**2 + 20*b + 61. Calculate o(18).
97
Let q(b) = -b**3 - 2*b**2 + 9489*b + 28466. What is q(-3)?
8
Let y(n) = 127*n + 2253. Calculate y(-18).
-33
Let j(q) = 11*q**3 + 18*q**2 + 8*q + 7. Determine j(-3).
-152
Let w(c) = -3299*c + 6601. Determine w(2).
3
Let b(g) = 32*g**2 + 52*g - 39. What is b(6)?
1425
Let g(c) = -12663*c - 75979. Give g(-6).
-1
Let h(m) = -m**2 - 10*m + 32. Determine h(-14).
-24
Let x(v) = -78*v + 4523. What is x(58)?
-1
Let v(c) = -51*c - 56. Determine v(-4).
148
Let t(v) = -300*v + 2616. Calculate t(11).
-684
Let a(m) = -39*m + 203. Determine a(5).
8
Let s(i) = 5*i**2 + 59*i + 32. What is s(-17)?
474
Let t(i) = 26*i + 1147. Determine t(-44).
3
Let y(d) = -d**3 + 49*d**2 + 53*d - 138. What is y(50)?
12
Let m(w) = -w**3 - 8*w**2 + 3*w + 13. Calculate m(-6).
-77
Let q(l) = 806*l - 14437. Determine q(18).
71
Let q(s) = 10*s**3 - 3*s**2 + 9*s - 10. Give q(1).
6
Let i(s) = -14*s + 31. What is i(2)?
3
Let h(f) = -1377*f + 1365. What is h(1)?
-12
Let n(u) = -6*u**2 - 151*u - 412. What is n(-3)?
-13
Let y(g) = -g**3 - 22*g**2 - 23*g - 55. Give y(-21).
-13
Let j(s) = 4*s**3 + 21*s**2 + 7*s - 52. What is j(-4)?
0
Let o(v) = -7*v**2 + 56*v + 133. Give o(9).
70
Let f(r) = -r**2 + 15*r - 10. What is f(-9)?
-226
Let s(m) = -m**3 + 28*m**2 - 86*m - 117. Calculate s(24).
123
Let y(b) = -b**3 - 14*b**2 + 52*b - 108. Give y(-17).
-125
Let s(l) = -l**3 - l**2 + 132*l + 264. Give s(-2).
4
Let n(s) = 2*s**2 - 470*s + 2786. Calculate n(6).
38
Let o(h) = -h**2 + 2*h + 621. Calculate o(25).
46
Let j(d) = 31*d - 1904. Calculate j(61).
-13
Let a(w) = 87*w + 33. Calculate a(-2).
-141
Let w(k) = k**3 + 3*k - 27. Give w(-8).
-563
Let n(p) = 10*p**2 - 20*p - 3. Calculate n(0).
-3
Let i(t) = -2*t**2 - 1865*t - 9294. Calculate i(-5).
-19
Let i(v) = v**3 - 8*v**2 - 66*v + 534. Determine i(7).
23
Let w(q) = -q**2 + 48*q - 195. Calculate w(40).
125
Let p(t) = -15*t**2 - 417*t - 1058. Determine p(-25).
-8
Let i(f) = 34957*f - 104871. Determine i(3).
0
Let m(l) = 248*l**2 - 49*l - 6. Determine m(2).
888
Let c(h) = h**3 + 10*h**2 + 471*h + 2684. Give c(-6).
2
Let c(k) = 5*k**3 - 205*k**2 - 8*k + 372. Calculate c(41).
44
Let j(a) = -2*a**2 + 9*a - 7. Determine j(10).
-117
Let b(k) = 47*k - 1095. Calculate b(24).
33
Let v(z) = 3*z**2 + 22*z + 78. Give v(-5).
43
Let o(q) = 2*q**2 + 87*q - 25. Give o(-3).
-268
Let z(h) = 66*h + 5415. Give z(-82).
3